{"id":988217,"date":"2023-02-14T08:34:10","date_gmt":"2023-02-14T08:34:10","guid":{"rendered":"https:\/\/lacuisinedor.com\/?page_id=988217"},"modified":"2023-02-14T09:35:52","modified_gmt":"2023-02-14T09:35:52","slug":"ramadanoffer","status":"publish","type":"page","link":"https:\/\/lacuisinedor.com\/?page_id=988217","title":{"rendered":"ramadanoffer"},"content":{"rendered":"<div class=\"limit-wrapper\"><div class=\"row \"><div class=\"vamtam-grid grid-1-1  vamtam-first-level parallax-bg grid-1-1  first vamtam-hide-bg-lowres has-background unextended no-extended-padding\" style=\"\n\t\t\t\tbackground: url( &#039;https:\/\/lacuisinedor.com\/wp-content\/uploads\/2023\/02\/ramdanaimage25.gif&#039; ) no-repeat center top;\n\t\t\t\tbackground-size: auto;\n\t\t\tbackground-attachment: scroll;padding-top:0.05px;padding-bottom:40px;\" id=\"vamtam-column-170196bb79ca59832b4c1ae4c84d63c5\"  data-parallax-method=\"to-centre\" data-parallax-inertia=\"-0.2\"><div class=\"row \"><div class=\"vamtam-grid grid-1-1  grid-1-1  first has-background unextended no-extended-padding\" style=\"\n\t\t\t\tbackground: url( &#039;https:\/\/lacuisinedor.com\/wp-content\/themes\/vip-restaurant\/samples\/images\/shadow-light.png&#039; ) repeat-x center top;\n\t\t\t\tbackground-size: auto;\n\t\t\tbackground-attachment: scroll;padding-top:0.05px;padding-bottom:0.05px;\" id=\"vamtam-column-11fefeeb3e6006d38448ffade77a4bf9\" ><div class=\"row \"><div class=\"vamtam-grid grid-1-3  grid-1-3  first unextended has-extended-padding\" style=\"padding-top:0.05px;padding-bottom:0.05px;\" id=\"vamtam-column-be87a96d270c1dac1e74a56a0ea38de8\" ><div class=\"vamtam-blank-space  vamtam-hide-lowres\" style=\"height:240px\"><\/div>\n<div class=\"row \"><div class=\"vamtam-grid grid-1-1  grid-1-1  first vamtam-hide-bg-lowres has-background unextended no-extended-padding\" style=\"\n\t\t\t\tbackground: url( &#039;https:\/\/lacuisinedor.com\/wp-content\/uploads\/2023\/02\/ramdanaimage27.gif&#039; ) no-repeat center top;\n\t\t\t\tbackground-size: auto;\n\t\t\tbackground-attachment: scroll;padding-top:20px;padding-bottom:0.05px;\" id=\"vamtam-column-3b284e6698635d4b7c8ec0212249c7c2\" ><div class=\"vamtam-blank-space  vamtam-hide-lowres\" style=\"height:100px\"><\/div>\n<div class=\"row \"><div class=\"vamtam-grid grid-5-6  grid-5-6  first unextended animation-from-left animated-active no-extended-padding\" style=\"padding-top:0.05px;padding-bottom:0.05px;\" id=\"vamtam-column-a158312c831b971c2e3b90473cc0afa6\" ><span class=\"vamtam-blank-space  vamtam-hide-lowres\" style=\"height:100px\"><\/span>\n<h4>Large Choix des Menus<\/h4>\n<p>\u201cla Cuisine d&rsquo;Or s\u00e9duit un bon nombre de collaborateurs gr\u00e2ce au large choix des menus propos\u00e9s au quotidien en l\u2019occurrence des plats cuisin\u00e9s et livr\u00e9s au bureau tous les jours de la semaine, \u00e0 midi pour le d\u00e9jeuner et exceptionnellement le soir pour le Ftour du Ramadan.\u00a0\u00bb<\/p><\/div><\/div><\/div><\/div><\/div>\n<div class=\"vamtam-grid grid-1-3  grid-1-3  unextended no-extended-padding\" style=\"padding-top:0.05px;padding-bottom:0.05px;\" id=\"vamtam-column-45f366659549225a2a0b0f9a76c9e613\" ><span class=\"vamtam-blank-space  vamtam-hide-lowres\" style=\"margin-bottom:-100px\"><\/span>\n<p><img loading=\"lazy\" decoding=\"async\" class=\"wp-image-988219 aligncenter\" src=\"https:\/\/lacuisinedor.com\/wp-content\/uploads\/2023\/02\/fawaniss-ramadan-293x300.png\" alt=\"\" width=\"180\" height=\"185\" srcset=\"https:\/\/lacuisinedor.com\/wp-content\/uploads\/2023\/02\/fawaniss-ramadan-293x300.png 293w, https:\/\/lacuisinedor.com\/wp-content\/uploads\/2023\/02\/fawaniss-ramadan-43x43.png 43w, https:\/\/lacuisinedor.com\/wp-content\/uploads\/2023\/02\/fawaniss-ramadan-292x299.png 292w, https:\/\/lacuisinedor.com\/wp-content\/uploads\/2023\/02\/fawaniss-ramadan.png 360w\" sizes=\"auto, (max-width: 180px) 100vw, 180px\" \/><\/p>\n<h3 style=\"text-align: center;\">Offre Sp\u00e9ciale Entreprises<\/h3>\n<p style=\"text-align: center;\">\u201cAu Menu pour le Mois Sacr\u00e9 : Dattes, Harira et Chebakia, &#8230; Plats Chauds ou Froids et des Boissons Fra\u00eeches. Le Ftour Box se d\u00e9cline en 3 formules : Express, Gourmande et Deluxe.\u201d<\/p><\/div>\n<div class=\"vamtam-grid grid-1-3  grid-1-3  unextended has-extended-padding\" style=\"padding-top:0.05px;padding-bottom:0.05px;\" id=\"vamtam-column-41ae37c46cf7eeccbb478949de9923fe\" ><div class=\"vamtam-blank-space  vamtam-hide-lowres\" style=\"height:210px\"><\/div>\n<div class=\"row \"><div class=\"vamtam-grid grid-1-1  grid-1-1  first vamtam-hide-bg-lowres has-background unextended no-extended-padding\" style=\"\n\t\t\t\tbackground: url( &#039;https:\/\/lacuisinedor.com\/wp-content\/uploads\/2023\/02\/ramdanaimage26.gif&#039; ) no-repeat center top;\n\t\t\t\tbackground-size: auto;\n\t\t\tbackground-attachment: scroll;padding-top:20px;padding-bottom:0.05px;\" id=\"vamtam-column-a9088a27344de53085e57c308738831d\" ><div class=\"vamtam-blank-space  vamtam-hide-lowres\" style=\"height:100px\"><\/div>\n<div class=\"row \"><div class=\"vamtam-grid grid-5-6  grid-5-6  first unextended animation-from-left animated-active no-extended-padding\" style=\"padding-top:0.05px;padding-bottom:0.05px;\" id=\"vamtam-column-f967c1a3e39b118b62102d8c21f4b0a4\" ><span class=\"vamtam-blank-space  vamtam-hide-lowres\" style=\"height:130px\"><\/span>\n<h4>Vari\u00e9 &amp; Fait-Maison<\/h4>\n<p>\u00ab\u00a0Pour le mois de Ramadan, La Cuisine d&rsquo;Or offre aux entreprises la possibilit\u00e9 d\u2019offrir \u00e0 leurs collaborateurs un Ftour de qualit\u00e9, vari\u00e9 et fait-maison pour leur permettre de rompre le je\u00fbne tout en restant productifs.\u201d<\/p><\/div><\/div><\/div><\/div><\/div><\/div><\/div><\/div>\n<div class=\"vamtam-blank-space  vamtam-hide-lowres\" style=\"height:60px\"><\/div><\/div><\/div><\/div>\n<div class=\"limit-wrapper\"><div class=\"row \"><div class=\"vamtam-grid grid-1-1 add-shadow vamtam-first-level grid-1-1  first unextended no-extended-padding\" style=\"padding-top:0.05px;padding-bottom:0.05px;\" id=\"vamtam-column-f976e7b221d49debe0e81698f98e79d6\" ><div class=\"row \"><div class=\"vamtam-grid grid-1-2  grid-1-2  first unextended left-border no-extended-padding\" style=\"padding-top:0.05px;padding-bottom:0.05px;\" id=\"vamtam-column-4ea2dd39afc66b3b6bce6edb1d414747\" ><style>#vamtam-column-4ea2dd39afc66b3b6bce6edb1d414747:before{background-color:#dfdfdf;}<\/style><div class=\"row \"><div class=\"vamtam-grid grid-1-3  grid-1-3  first has-background unextended no-extended-padding\" style=\"\n\t\t\t\tbackground: url( &#039;https:\/\/lacuisinedor.com\/wp-content\/uploads\/2023\/01\/rigtbanner_catering02.jpg&#039; ) no-repeat right center;\n\t\t\t\tbackground-size: auto;\n\t\t\tbackground-attachment: scroll;padding-top:100px;padding-bottom:0.05px;\" id=\"vamtam-column-4ac13a79dedac0f1130acd7c7d7aaad8\" ><\/div>\n<div class=\"vamtam-grid grid-2-3  grid-2-3  unextended no-extended-padding\" style=\"padding-top:0.05px;padding-bottom:0.05px;\" id=\"vamtam-column-9fa5492c4c376af9b67732ca0a9fa869\" ><span class=\"vamtam-blank-space \" style=\"height:60px\"><\/span>\n<p style=\"text-align: center;\"><span class='icon shortcode theme  use-hover' style='color:#cb7152;font-size:60px !important;'>&#59651;<\/span>\n<span class=\"vamtam-blank-space \" style=\"margin-bottom:-10px\"><\/span>\n<h3 style=\"text-align: center;\">\u00c9v\u00e9nements<\/h3>\n<h5 class=\"vamtam-font-style-2 with-color\" style=\"text-align: center;\">La Cuisine d&rsquo;Or<\/h5>\n<p style=\"text-align: center;\">Avec La Cuisine d&rsquo;Or, vos yeux vont s\u2019ouvrir de plaisir. Notre id\u00e9e, vous proposer une restauration simple et cr\u00e9ative dans une ambiance d\u00e9contract\u00e9e. L\u2019heure \u00e0 laquelle vos papilles vont d\u00e9couvrir de nouvelles saveurs originales et inattendues. Dans la convivialit\u00e9 et la bonne humeur, nous ferons tout pour faire de votre \u00e9v\u00e9nement un savoureux moment.<\/p>\n<span class=\"vamtam-blank-space \" style=\"height:5px\"><\/span>\n<p class=\"textcenter\"><a href=\"\/contacts\" target=\"_self\" style='font-size: 14px;' class=\"vamtam-button accent1  button-border hover-accent1 \"><span class=\"btext\" data-text=\"Nous Contacter!\" style=\"color:#000000\">Nous Contacter!<\/span><\/a><\/p>\n<span class=\"vamtam-blank-space \" style=\"height:40px\"><\/span><\/div><\/div><\/div>\n<div class=\"vamtam-grid grid-1-2  grid-1-2  unextended left-border no-extended-padding\" style=\"padding-top:0.05px;padding-bottom:0.05px;\" id=\"vamtam-column-a8cbb80d1d31c302d2117d684bffca32\" ><style>#vamtam-column-a8cbb80d1d31c302d2117d684bffca32:before{background-color:#dfdfdf;}<\/style><div class=\"row \"><div class=\"vamtam-grid grid-2-3  grid-2-3  first unextended no-extended-padding\" style=\"padding-top:0.05px;padding-bottom:0.05px;\" id=\"vamtam-column-2b4070d48d9d9bf9c479dc92ce5ea795\" ><span class=\"vamtam-blank-space \" style=\"height:60px\"><\/span>\n<p style=\"text-align: center;\"><span class='icon shortcode theme  use-hover' style='color:#cb7152;font-size:60px !important;'>&#59651;<\/span>\n<span class=\"vamtam-blank-space \" style=\"margin-bottom:-10px\"><\/span>\n<h3 style=\"text-align: center;\">Collectivit\u00e9<\/h3>\n<h5 class=\"vamtam-font-style-2 with-color\" style=\"text-align: center;\">La Cuisine d&rsquo;Or<\/h5>\n<p style=\"text-align: center;\"><strong>La Cuisine d&rsquo;Or<\/strong>\u00a0offre une nouvelle approche de la restauration d\u2019entreprise au Maroc, plus proche, plus flexible, plus humaine.<br \/>\nUne v\u00e9ritable cuisine maison, compos\u00e9e uniquement de produits frais, locaux, de qualit\u00e9 et de saison\u2026 au meilleur prix.<\/p>\n<h4 style=\"text-align: center;\">0661 86 57 50<\/h4>\n<span class=\"vamtam-blank-space \" style=\"height:5px\"><\/span>\n<p class=\"textcenter\"><a href=\"\/contacts\" target=\"_self\" style='font-size: 14px;' class=\"vamtam-button accent1  button-border hover-accent1 \"><span class=\"btext\" data-text=\"Nous Contacter!\" style=\"color:#000000\">Nous Contacter!<\/span><\/a><\/p>\n<span class=\"vamtam-blank-space \" style=\"height:40px\"><\/span><\/div>\n<div class=\"vamtam-grid grid-1-3  grid-1-3  has-background unextended no-extended-padding\" style=\"\n\t\t\t\tbackground: url( &#039;https:\/\/lacuisinedor.com\/wp-content\/uploads\/2023\/01\/rigtbanner_catering01.jpg&#039; ) no-repeat right center;\n\t\t\t\tbackground-size: auto;\n\t\t\tbackground-attachment: scroll;padding-top:100px;padding-bottom:0.05px;\" id=\"vamtam-column-c1f20b55edcc57fc2b8f6cb63eb0d14a\" ><\/div><\/div><\/div><\/div><\/div><\/div><\/div>\n<div class=\"vamtam-blank-space  vamtam-hide-lowres\" style=\"height:60px\"><\/div>\n<div class=\"vamtam-blank-space \" style=\"height:40px\"><\/div>\n<div class=\"limit-wrapper\"><div class=\"row \"><div class=\"vamtam-grid grid-1-3  vamtam-first-level grid-1-3  first unextended no-extended-padding\" style=\"padding-top:0.05px;padding-bottom:0.05px;\" id=\"vamtam-column-a65410cb68e7dd29fda44c4ff53744c9\" ><div class='foodpress_menu' id='fp_1' data-tabbed='no'><div class='menu_arguments' style='display:none' data-id=\"1\" data-meal_type=\"503, 517\" data-tac=\"no\" data-ux=\"lightbox\" data-wordcount=\"20\" data-lang=\"L1\" ><\/div><div class='clear'><\/div><\/div><\/div>\n<div class=\"vamtam-grid grid-1-3  vamtam-first-level grid-1-3  unextended no-extended-padding\" style=\"padding-top:0.05px;padding-bottom:0.05px;\" id=\"vamtam-column-cbfbbabfb1db82adf48eadeec6987307\" ><div class='foodpress_menu' id='fp_1' data-tabbed='no'><div class='menu_arguments' style='display:none' data-id=\"1\" data-meal_type=\"504, 505\" data-tac=\"no\" data-ux=\"lightbox\" data-wordcount=\"20\" data-lang=\"L1\" ><\/div><div class='clear'><\/div><\/div><\/div>\n<div class=\"vamtam-grid grid-1-3  vamtam-first-level grid-1-3  unextended no-extended-padding\" style=\"padding-top:0.05px;padding-bottom:0.05px;\" id=\"vamtam-column-5e99c19630f4dc10e3b76773892da4ee\" ><div class='foodpress_menu' id='fp_1' data-tabbed='no'><div class='menu_arguments' style='display:none' data-id=\"1\" data-meal_type=\"518, 506\" data-tac=\"no\" data-ux=\"lightbox\" data-wordcount=\"20\" data-lang=\"L1\" ><\/div><div class='clear'><\/div><\/div><\/div><\/div><\/div>\n<div class=\"vamtam-blank-space \" style=\"height:60px\"><\/div>\n<div class=\"row \"><div class=\"vamtam-grid grid-1-1  vamtam-first-level grid-1-1  first extended-content unextended no-extended-padding\" style=\"padding-top:0.05px;padding-bottom:0.05px;\" id=\"vamtam-column-20c0871f1cf80a1c57cc7a043da03e4f\" ><div class=\"extended-column-inner\"><div class=\"row \"><div class=\"vamtam-grid grid-1-1  grid-1-1  first unextended no-extended-padding\" style=\"padding-top:0.05px;padding-bottom:0.05px;\" id=\"vamtam-column-c59b59b48b458e837ced4939f05183ca\" ><p><iframe loading=\"lazy\" style=\"border: 0;\" src=\"https:\/\/www.google.com\/maps\/embed?pb=!1m18!1m12!1m3!1d26375.987116501426!2d-5.710767884609461!3d35.675838325151844!2m3!1f0!2f0!3f0!3m2!1i1024!2i768!4f13.1!3m3!1m2!1s0x0%3A0xe01f18880c09c483!2sLa%20Cuisine%20D'Or!5e1!3m2!1sfr!2sma!4v1674044352424!5m2!1sfr!2sma\" width=\"100%\" height=\"450\" allowfullscreen=\"allowfullscreen\"><\/iframe><\/p><\/div><\/div><\/div><\/div><\/div>\n<div class=\"vamtam-blank-space  vamtam-hide-lowres\" style=\"margin-bottom:-80px\"><\/div>\n<div class=\"limit-wrapper\"><div class=\"row \"><div class=\"vamtam-grid grid-1-1  vamtam-first-level grid-1-1  first has-background unextended no-extended-padding\" style=\"background-color:#ffffff;padding-top:0.05px;padding-bottom:0.05px;\" id=\"vamtam-column-8f154c15b94a5e603bd040beef7d246d\" ><style>#vamtam-column-8f154c15b94a5e603bd040beef7d246d,#vamtam-column-8f154c15b94a5e603bd040beef7d246d p,#vamtam-column-8f154c15b94a5e603bd040beef7d246d em,#vamtam-column-8f154c15b94a5e603bd040beef7d246d h1,#vamtam-column-8f154c15b94a5e603bd040beef7d246d h2,#vamtam-column-8f154c15b94a5e603bd040beef7d246d h3,#vamtam-column-8f154c15b94a5e603bd040beef7d246d h4,#vamtam-column-8f154c15b94a5e603bd040beef7d246d h5,#vamtam-column-8f154c15b94a5e603bd040beef7d246d h6,#vamtam-column-8f154c15b94a5e603bd040beef7d246d h1 a:not(:hover),#vamtam-column-8f154c15b94a5e603bd040beef7d246d h2 a:not(:hover),#vamtam-column-8f154c15b94a5e603bd040beef7d246d h3 a:not(:hover),#vamtam-column-8f154c15b94a5e603bd040beef7d246d h4 a:not(:hover),#vamtam-column-8f154c15b94a5e603bd040beef7d246d h5 a:not(:hover),#vamtam-column-8f154c15b94a5e603bd040beef7d246d h6 a:not(:hover),#vamtam-column-8f154c15b94a5e603bd040beef7d246d .column-title,#vamtam-column-8f154c15b94a5e603bd040beef7d246d .sep-text h2.regular-title-wrapper,#vamtam-column-8f154c15b94a5e603bd040beef7d246d .text-divider-double,#vamtam-column-8f154c15b94a5e603bd040beef7d246d .sep-text .sep-text-line,#vamtam-column-8f154c15b94a5e603bd040beef7d246d .sep,#vamtam-column-8f154c15b94a5e603bd040beef7d246d .sep-2,#vamtam-column-8f154c15b94a5e603bd040beef7d246d .sep-3,#vamtam-column-8f154c15b94a5e603bd040beef7d246d .portfolio-filters .inner-wrapper .cbp-filter-item,#vamtam-column-8f154c15b94a5e603bd040beef7d246d .portfolio-filters .inner-wrapper .cbp-filter-item:hover,#vamtam-column-8f154c15b94a5e603bd040beef7d246d .portfolio-filters .inner-wrapper .cbp-filter-item.cbp-filter-item-active,#vamtam-column-8f154c15b94a5e603bd040beef7d246d td,#vamtam-column-8f154c15b94a5e603bd040beef7d246d th,#vamtam-column-8f154c15b94a5e603bd040beef7d246d caption{color:#333;}<\/style><div class=\"row \"><div class=\"vamtam-grid grid-2-5  grid-2-5  first unextended no-extended-padding\" style=\"padding-top:0.05px;padding-bottom:0.05px;\" id=\"vamtam-column-beabade8728ae59771dd9b018b8aaa00\" ><span class=\"vamtam-blank-space \" style=\"height:30px\"><\/span>\n<h4 style=\"text-align: center;\">Horaires Restaurant<\/h4>\n<table class=\"vamtam-time-table\">\n<tbody>\n<tr>\n<td>Lundi &#8211; Vendredi<\/td>\n<td><\/td>\n<td>9.00 \u2013 21:00<\/td>\n<\/tr>\n<tr>\n<td>Samedi<\/td>\n<td><\/td>\n<td>9.00 \u2013 21:00<\/td>\n<\/tr>\n<tr>\n<td>Dimanche<\/td>\n<td><\/td>\n<td>Ferm\u00e9<\/td>\n<\/tr>\n<\/tbody>\n<\/table><\/div>\n<div class=\"vamtam-grid grid-1-5  grid-1-5  unextended no-extended-padding\" style=\"padding-top:0.05px;padding-bottom:0.05px;\" id=\"vamtam-column-f54c0b010bd463a281fa47808be9dc80\" ><div class=\"vamtam-blank-space  vamtam-hide-lowres\" style=\"margin-bottom:-40px\"><\/div>\n<div class=\"row \"><div class=\"vamtam-grid grid-1-1  grid-1-1  first has-background unextended no-extended-padding\" style=\"background-color:#23282F;padding-top:30px;padding-bottom:30px;\" id=\"vamtam-column-36d5f607de0c006c2c6b9c3d625d711c\" ><style>#vamtam-column-36d5f607de0c006c2c6b9c3d625d711c,#vamtam-column-36d5f607de0c006c2c6b9c3d625d711c p,#vamtam-column-36d5f607de0c006c2c6b9c3d625d711c em,#vamtam-column-36d5f607de0c006c2c6b9c3d625d711c h1,#vamtam-column-36d5f607de0c006c2c6b9c3d625d711c h2,#vamtam-column-36d5f607de0c006c2c6b9c3d625d711c h3,#vamtam-column-36d5f607de0c006c2c6b9c3d625d711c h4,#vamtam-column-36d5f607de0c006c2c6b9c3d625d711c h5,#vamtam-column-36d5f607de0c006c2c6b9c3d625d711c h6,#vamtam-column-36d5f607de0c006c2c6b9c3d625d711c h1 a:not(:hover),#vamtam-column-36d5f607de0c006c2c6b9c3d625d711c h2 a:not(:hover),#vamtam-column-36d5f607de0c006c2c6b9c3d625d711c h3 a:not(:hover),#vamtam-column-36d5f607de0c006c2c6b9c3d625d711c h4 a:not(:hover),#vamtam-column-36d5f607de0c006c2c6b9c3d625d711c h5 a:not(:hover),#vamtam-column-36d5f607de0c006c2c6b9c3d625d711c h6 a:not(:hover),#vamtam-column-36d5f607de0c006c2c6b9c3d625d711c .column-title,#vamtam-column-36d5f607de0c006c2c6b9c3d625d711c .sep-text h2.regular-title-wrapper,#vamtam-column-36d5f607de0c006c2c6b9c3d625d711c .text-divider-double,#vamtam-column-36d5f607de0c006c2c6b9c3d625d711c .sep-text .sep-text-line,#vamtam-column-36d5f607de0c006c2c6b9c3d625d711c .sep,#vamtam-column-36d5f607de0c006c2c6b9c3d625d711c .sep-2,#vamtam-column-36d5f607de0c006c2c6b9c3d625d711c .sep-3,#vamtam-column-36d5f607de0c006c2c6b9c3d625d711c .portfolio-filters .inner-wrapper .cbp-filter-item,#vamtam-column-36d5f607de0c006c2c6b9c3d625d711c .portfolio-filters .inner-wrapper .cbp-filter-item:hover,#vamtam-column-36d5f607de0c006c2c6b9c3d625d711c .portfolio-filters .inner-wrapper .cbp-filter-item.cbp-filter-item-active,#vamtam-column-36d5f607de0c006c2c6b9c3d625d711c td,#vamtam-column-36d5f607de0c006c2c6b9c3d625d711c th,#vamtam-column-36d5f607de0c006c2c6b9c3d625d711c caption{color:#f5f5f5;}<\/style><div class=\"row \"><div class=\"vamtam-grid grid-1-1  grid-1-1  first unextended animation-fade-in animated-active no-extended-padding\" style=\"padding-top:0.05px;padding-bottom:0.05px;\" id=\"vamtam-column-c829bc25bc387b5068cc155ba6d95d8c\" ><p style=\"text-align: center;\"><span class='icon shortcode theme  use-hover' style='color:#cb7152;font-size:60px !important;'>&#59649;<\/span>\n<h4 style=\"text-align: center;\">Adresse<\/h4>\n<p style=\"text-align: center;\">Tanger Automotive City (TAC)<br \/>\nLa Nouvelle Ville Cherafate &#8211; Maroc<\/p>\n<p style=\"text-align: center;\"><p class=\"textcenter\"><a href=\"\/contacts\/\" target=\"_self\" style='font-size: 12px;' class=\"vamtam-button accent1  button-border hover-accent1 \"><span class=\"btext\" data-text=\"Contact\" style=\"color:#ffffff\">Contact<\/span><\/a><\/p><\/div><\/div><\/div><\/div><\/div>\n<div class=\"vamtam-grid grid-2-5  grid-2-5  unextended no-extended-padding\" style=\"padding-top:0.05px;padding-bottom:0.05px;\" id=\"vamtam-column-b57faa2292f993c5f00112c37ab3d99c\" ><span class=\"vamtam-blank-space \" style=\"height:30px\"><\/span>\n<h4 style=\"text-align: center;\">Nous Contacter<\/h4>\n<h4 style=\"text-align: center;\">0661 86 57 50<\/h4>\n<p style=\"text-align: center;\"><a href=\"info@lacuisinedor.com\">info@lacuisinedor.com<\/a><\/p>\n<p style=\"text-align: center;\"><a href=\"#\"> <span class='icon shortcode   use-hover' style='color:#000000;font-size:18px !important;'>&#58155;<\/span><\/a>\u00a0 <a href=\"#\"><span class='icon shortcode   use-hover' style='color:#000000;font-size:18px !important;'>&#58159;<\/span><\/a>\u00a0 <a href=\"#\"><span class='icon shortcode   use-hover' style='color:#000000;font-size:18px !important;'>&#58216;<\/span><\/a>\u00a0 <a href=\"#\"><span class='icon shortcode   use-hover' style='color:#000000;font-size:18px !important;'>&#58158;<\/span><\/a><\/p><\/div><\/div><\/div><\/div><\/div>\n<div class=\"vamtam-blank-space \" style=\"height:20px\"><\/div>\n<div class=\"vamtam-blank-space  vamtam-hide-lowres\" style=\"height:30px\"><\/div>\n","protected":false},"excerpt":{"rendered":"<p>Large Choix des Menus \u201cla Cuisine d&rsquo;Or s\u00e9duit un bon nombre de collaborateurs gr\u00e2ce au large choix des menus propos\u00e9s au quotidien en l\u2019occurrence des plats cuisin\u00e9s et livr\u00e9s au bureau tous les jours de la semaine, \u00e0 midi pour&#8230;<\/p>\n","protected":false},"author":1,"featured_media":0,"parent":0,"menu_order":0,"comment_status":"closed","ping_status":"closed","template":"","meta":{"footnotes":""},"class_list":["post-988217","page","type-page","status-publish","hentry"],"_links":{"self":[{"href":"https:\/\/lacuisinedor.com\/index.php?rest_route=\/wp\/v2\/pages\/988217","targetHints":{"allow":["GET"]}}],"collection":[{"href":"https:\/\/lacuisinedor.com\/index.php?rest_route=\/wp\/v2\/pages"}],"about":[{"href":"https:\/\/lacuisinedor.com\/index.php?rest_route=\/wp\/v2\/types\/page"}],"author":[{"embeddable":true,"href":"https:\/\/lacuisinedor.com\/index.php?rest_route=\/wp\/v2\/users\/1"}],"replies":[{"embeddable":true,"href":"https:\/\/lacuisinedor.com\/index.php?rest_route=%2Fwp%2Fv2%2Fcomments&post=988217"}],"version-history":[{"count":9,"href":"https:\/\/lacuisinedor.com\/index.php?rest_route=\/wp\/v2\/pages\/988217\/revisions"}],"predecessor-version":[{"id":988233,"href":"https:\/\/lacuisinedor.com\/index.php?rest_route=\/wp\/v2\/pages\/988217\/revisions\/988233"}],"wp:attachment":[{"href":"https:\/\/lacuisinedor.com\/index.php?rest_route=%2Fwp%2Fv2%2Fmedia&parent=988217"}],"curies":[{"name":"wp","href":"https:\/\/api.w.org\/{rel}","templated":true}]}}